ands digit of y?
8
Let f = -77 + 65. What is the units digit of 349 - ((-21)/(-4) - (-3)/f)?
4
Suppose 2100 = -4*y + 8*y - 4*c, c + 2085 = 4*y. Suppose 106*p = 107*p - y. What is the units digit of p?
0
Suppose 76*u - 71*u - 4775 = 0. Let k = u - 358. What is the tens digit of k?
9
Suppose -4 - 3 = 7*s. Let v(n) = 21*n + 1. Let l be v(s). Let d = l - -56. What is the tens digit of d?
3
Let v(q) = 3133*q**2 - 795*q + 2. What is the hundreds digit of v(2)?
9
Suppose 5*j + 81*i - 76*i = 48375, 0 = -5*j - 3*i + 48385. What is the units digit of j?
0
Let b = -107 - -110. Suppose 102 = b*k + 18. Suppose k*d - 12*d = 2480. What is the tens digit of d?
5
Let o(p) = 7*p**2 - 5*p - 36. Suppose 0 = -19*v - 6*v + 250. What is the hundreds digit of o(v)?
6
Let a be (3 - 2)/((-6)/696). Let s be 1/(-3 - 344/a). Let i = 38 + s. What is the units digit of i?
9
Suppose -93 = 3*t - 4*n - 376, 0 = 3*n - 6. Let j = 49 + t. What is the hundreds digit of j?
1
Suppose 2*i - 6862 - 9023 + 2267 = 0. What is the units digit of i?
9
What is the units digit of 2 + 63872 - (57 - 80)?
7
Let l = -38 + 40. Suppose 3*i - 141 = -p, l*i - p - 7 - 82 = 0. What is the units digit of -4*9/(-12) + i?
9
Let v = 5311 + -1262. What is the units digit of v?
9
Suppose 3*q = 2*q + 22. Suppose 0 = q*t - 20*t - 148. What is the units digit of t/(-4)*8/(-2)?
4
Let o be 4/8*(7 - 7) + 111. What is the hundreds digit of -81 + 81 + o/1?
1
What is the hundreds digit of ((13 - (10 + -6)) + 8)*(0 - -911)?
4
Suppose 444954 = 19*j + 6909. What is the ten thousands digit of j?
2
Let a = -694 - -697. Let w(r) = 188*r**2 + 52*r - 148. What is the hundreds digit of w(a)?
7
Let l be (-2)/5*50/(-4). Suppose 4*u + l*a - 6 = 0, 8*a + 16 = 5*u + 10*a. Suppose 170 = 6*q + u*q. What is the tens digit of q?
1
Suppose 0 = 21*n - 54418 - 32333. What is the hundreds digit of n?
1
Let z(i) = -i**2 - 8*i + 18. Let w be z(-10). What is the hundreds digit of w + 2 + -2 - -398 - 2?
3
Let l(t) = 107*t**2 - 262*t - 124. What is the units digit of l(21)?
1
Let f be (1500/(-8))/(-3) + (-1)/(-2). What is the tens digit of 1617/f - (-4)/(-6)?
2
Let t be ((39/13)/((-6)/(-8012)))/1. Suppose 11*y = t + 691. What is the units digit of y?
7
Suppose 5*t + 17*x - 46 = 15*x, 5*t + x = 48. Suppose -26*m = -t*m - 704. What is the units digit of m?
4
Let g(p) = -1277*p - 620. What is the hundreds digit of g(-6)?
0
Suppose -5*o = -w + 4*w + 3397, -2*o + 2*w = 1346. What is the hundreds digit of (-4 - o/3) + (-3)/(-9)?
2
Suppose -4*q - 4*w = 4, -10 = q - w + 5*w. Let l(d) = 3*d + q*d**3 + d**3 - 4*d - 1. What is the units digit of l(3)?
7
Let n = -22626 + 36768. What is the hundreds digit of n?
1
Suppose -2*w - 5*w - 112 = 0. Let j be 68 + -1*0*(-4)/w. Suppose 9*p - j - 967 = 0. What is the hundreds digit of p?
1
Let q(i) = 371*i**2 - 38*i + 142. What is the ten thousands digit of q(9)?
2
Let s(b) = -2*b + 41. Let j be s(9). Let g(w) = 45*w - 104. What is the tens digit of g(j)?
3
Suppose 17*l = l + 64. Suppose -8*s = -l*c - 3*s + 580, -5*c + 725 = -4*s. Let h = c + -9. What is the units digit of h?
6
Suppose -3*y + 60 = -4*g, -g = -4*y + 20 + 73. Let s be (-51 + 1)*y/(-10). What is the tens digit of ((78/4)/(-3))/((-12)/s)?
6
Suppose -4*b - 3*c + 19 = 0, 2*c + 3*c = 5. Suppose 0 = -2*d + 4 + b, 0 = 5*y - 5*d - 80. Suppose 0 = -p + 81 + y. What is the hundreds digit of p?
1
Let m(r) = -67*r - 3. Let b(g) = g - 1. Let t(x) = 5*x - 6. Let y(j) = 11*b(j) - 2*t(j). Let p be y(-2). What is the tens digit of m(p)?
6
Let d = -36 - -39. Suppose -d*a = 2*l - 52, 53 = -5*l - 4*a + 190. Suppose 28*w = l*w - 41. What is the units digit of w?
1
Suppose 0 = -2*g - 3*h - 143, -6*g - 364 = -g + h. Let j = g + 77. Suppose 4*s - 68 = -3*l + 56, j*l - 18 = -s. What is the tens digit of s?
3
Let r(w) = -w**3 - 4*w**2 + 7*w + 2. Let h be r(-5). Let v be (-2324)/35 + (-2)/(-5). What is the tens digit of ((v/h)/(-3))/(10/(-360))?
9
Suppose -13155 = -3*n + 3*z, -4*n + 2*z = -585 - 16943. What is the thousands digit of n?
4
Let u(o) = -9*o**3 - 2*o**2 + 3*o. Let a be u(-3). Let k = 819 + a. Suppose -j + k = 14*j. What is the tens digit of j?
6
Suppose -136*n = -141*n + 20, 2*n = 3*u - 80374. What is the thousands digit of u?
6
Suppose 66515 = -7*x + 23*x - 102093. What is the tens digit of x?
3
Suppose -2*l = -3*l + 5*t - 513, -5*l = -3*t + 2565. Let f = l + 1327. What is the units digit of f?
4
Let o be (-1 + (-39)/(-6))/(2/(-72)). Let t = 97 - o. What is the units digit of t?
5
Suppose -336 = 3*g + 2*t, 2*g - 2*t = -86 - 138. Let n = g - -639. What is the tens digit of n?
2
Let h = 45 - 41. Suppose -3*t - 304 = -4*t - h*m, -3*m = t - 304. Let r = t + -209. What is the tens digit of r?
9
Let z = 4965 + -2839. Let p = z + -324. What is the hundreds digit of p?
8
Let l = 91071 + -56224. What is the ten thousands digit of l?
3
Let u = 9 - 7. Let k be (-9 + 12)*u/18*3. What is the units digit of (-3396)/(-27) + k - (-2)/9?
7
Let k = 441 - 318. Suppose 441 + k = 3*w. What is the units digit of w?
8
Suppose 0 = 79*k - 1179527 - 1934574. What is the thousands digit of k?
9
Let m be (8/(-10))/((-62)/155). Suppose 35*s - 40*s = l - 818, -m*s = -3*l + 2403. What is the tens digit of l?
0
Suppose 4*c + 3 - 15 = 0. Suppose -2*f = 11 - 5, -3*f = c*s - 1101. What is the units digit of s?
0
Suppose -2202 = 4*b - 3*d + 2510, b - 2*d = -1173. Let t = 1760 + b. What is the hundreds digit of t?
5
Let q(t) = 31*t**2 - 15*t - 43. Suppose -34 = 6*g - 4. What is the tens digit of q(g)?
0
Let o(b) = 11*b - 19*b - 21 + 2 + 12*b. Let v be o(6). Suppose -4*j + 2*r + 68 = 0, -4*j = -v*j + 5*r + 17. What is the units digit of j?
7
Let l = 2531 + 11487. What is the thousands digit of l?
4
Let k(j) = -2*j**2 + 26*j - 9. Let w be k(12). Let d(q) = -q**2 + 7*q + 7. Let h be d(8). What is the tens digit of 174*17/w + h/5?
9
Suppose -3*d = -9, -4*h + 0*d + 2 = -2*d. Suppose 0 = -3*l, -l + 156 = h*r - 1222. Suppose 6*v - r + 215 = 0. What is the tens digit of v?
7
Let z = 81075 - 52555. What is the thousands digit of z?
8
Suppose 13*m + 38*m + 13*m - 45568 = 0. What is the units digit of m?
2
Let k = -19 - -21. Suppose 5*s + 56 = -4*d + 1467, 550 = 2*s - k*d. What is the hundreds digit of s?
2
Suppose 8*f + 3*f = 40557. Suppose -780*n + f = -777*n. What is the thousands digit of n?
1
Let n(z) = z**3 - z**2 - 6*z + 3. Let l be n(5). Let f(j) = -41*j + 35. Let p be f(2). Let w = l + p. What is the tens digit of w?
2
Suppose -5*u - 3*q = -22, -65 = u - 5*q - 47. Let k be 129/27 + (-6)/(-27). Suppose k*b + u*b - 861 = 0. What is the tens digit of b?
2
Let v = -150 + -657. Let u = -267 - v. What is the hundreds digit of u?
5
Let l(k) = -2*k**3 - 86*k**2 + 20*k - 364. What is the tens digit of l(-45)?
3
What is the hundreds digit of -2 + (890988/49 - (228/42 - 6))?
1
Let h(i) = 423*i**2 + 4*i - 4. Let m be h(1). Let b = -805 + m. Let o = b - -572. What is the units digit of o?
0
Let v = -143 - -164. What is the units digit of -6*((-112)/v - 2)?
4
Suppose -5*q - 4 = -29, -5*q = 5*p - 35. Suppose -s - 2 = 0, -7*s + 588 = p*y - 4*s. What is the hundreds digit of y?
2
Let m be 3/1*-4*(0 + -69). Let n = m + -469. What is the hundreds digit of n?
3
Suppose -h - 4*d = -d + 6, -21 = -5*h + 2*d. Suppose -3*r - 3 = -2*q, 3*q - h = r + 5. Suppose -2*f = q*f - 525. What is the tens digit of f?
0
Suppose 5*v + 7 - 17 = 0. Let q be 8*(3 - 3 - (-1)/v). What is the units digit of (1*q)/(22/759)?
8
Suppose 116 = -3*k + o + 11, 4*o = 5*k + 168. What is the tens digit of (-1290)/k + ((-10)/(-12))/5?
3
Let a be 2 + -50*(-4)/4. Let p be ((-15)/(-6) + -6)*-8. Suppose -o + 4*r = -p, 0 = 3*o - 5*r - 4 - a. What is the units digit of o?
2
Let b be 6/(-6) + 5 - (2 - -1). Suppose -3*p - 1 = 2*c - 30, -p = -2*c + b. Suppose 3 = -l, -f - 5*l + 179 = -p*l. What is the units digit of f?
3
Let q(a) = -4 + 0 - 2*a**3 + 0 - 2*a - 2*a**2. Suppose -4*r - 32 = 52*s - 55*s, 4*r = 4*s - 36. What is the hundreds digit of q(r)?
2
Let p(j) = 5*j + 38. Let q be p(-7). Suppose -q*i + 2551 = 5*d - 44, 4*i = 0. What is the tens digit of d?
1
Let w(q) = 38*q**2 + q - 1. Let f(n) = -n**3 + 25*n**2 + 3*n - 73. Let g be f(25). What is the hundreds digit of w(g)?
1
What is the ten thousands digit of (-139 + 148)*(-8)/(-18) + 1 + 84705?
8
What is th